{"id":14,"date":"2020-11-26T21:25:35","date_gmt":"2020-11-26T21:25:35","guid":{"rendered":"https:\/\/nexusarts.de\/wordpress\/?page_id=14"},"modified":"2021-03-16T00:07:35","modified_gmt":"2021-03-16T00:07:35","slug":"hier-gehts-um-kunst-oder","status":"publish","type":"page","link":"https:\/\/www.colors-of-shakti.de\/","title":{"rendered":"\u201eDer weibliche K\u00f6rper ist ein Ort voller Wunder und Geheimnisse.\u201c"},"content":{"rendered":"\n<p class=\"has-text-align-center\">Rumi<\/p>\n\n\n\n<h2>Sinnliche Kunst neu gedacht<\/h2>\n\n\n\n<p>Auf dieser Seite dreht sich alles rund um die Weiblichkeit, die k\u00f6rperliche Selbstwahrnehmung der Frau als sexuelles Wesen und die heilende Begegnung mit dem Menstruationsblut und dem Zyklus an sich. In einem absolut erwartungsfreien und gesch\u00fctzten Setting bieten wir dir die einzigartige M\u00f6glichkeit, sich kreativ und gleichzeitig therapeutisch mit dem eigenen K\u00f6rpergef\u00fchl auseinanderzusetzen.<\/p>\n\n\n\n<p>Die spielerische Herangehensweise von <em>colors-of-shakti<\/em> erm\u00f6glicht eine nie da gewesene Dimension der Arbeit mit den eigenen k\u00f6rperbezogenen Schatten, Vorurteilen und Klischees und l\u00e4dt dazu ein, veraltete gesellschaftlichen Stereotypen und Konventionen zu \u00fcberpr\u00fcfen. <\/p>\n\n\n\n<div id=\"\" class=\"wp-block-gosign-gosign-background-contianer gosign-color-section btn-full align-true def-verticalAlignTop no-padding no-margin full-width no-min-height darkColorLayout no-top-border no-bottom-border colorSectionFe background-scroll background-cover overlay-false\"><div class=\"outer-container background-scroll\" style=\"background-image:url(https:\/\/www.colors-of-shakti.de\/wp-content\/uploads\/2020\/12\/blood-smares-2.jpg);background-color:#ffd5d5\"><div class=\"inner-container\"><div class=\"contentBlock\">\n<div class=\"wp-block-columns are-vertically-aligned-top has-black-color has-text-color\">\n<div class=\"wp-block-column is-vertically-aligned-top\">\n<h2>Auftragswerk<\/h2>\n\n\n\n<figure class=\"wp-block-image size-large is-resized\"><img loading=\"lazy\" src=\"https:\/\/www.colors-of-shakti.de\/wp-content\/uploads\/2021\/02\/elas_farbbild-1x1-512.png\" alt=\"\" class=\"wp-image-511\" width=\"250\" height=\"250\" srcset=\"https:\/\/www.colors-of-shakti.de\/wp-content\/uploads\/2021\/02\/elas_farbbild-1x1-512.png 512w, https:\/\/www.colors-of-shakti.de\/wp-content\/uploads\/2021\/02\/elas_farbbild-1x1-512-300x300.png 300w, https:\/\/www.colors-of-shakti.de\/wp-content\/uploads\/2021\/02\/elas_farbbild-1x1-512-150x150.png 150w, https:\/\/www.colors-of-shakti.de\/wp-content\/uploads\/2021\/02\/elas_farbbild-1x1-512-100x100.png 100w, https:\/\/www.colors-of-shakti.de\/wp-content\/uploads\/2021\/02\/elas_farbbild-1x1-512-250x250.png 250w, https:\/\/www.colors-of-shakti.de\/wp-content\/uploads\/2021\/02\/elas_farbbild-1x1-512-350x350.png 350w\" sizes=\"(max-width: 250px) 100vw, 250px\" \/><figcaption><em>Einzigartige intime Kunstwerke ab 200,- \u20ac<\/em><\/figcaption><\/figure>\n\n\n\n<p><\/p>\n<\/div>\n\n\n\n<div class=\"wp-block-column is-vertically-aligned-top\">\n<h2>Workshop<\/h2>\n\n\n\n<figure class=\"wp-block-image size-large is-resized\"><img loading=\"lazy\" src=\"https:\/\/www.colors-of-shakti.de\/wp-content\/uploads\/2021\/02\/Teaser_vertical_1x1-512.png\" alt=\"\" class=\"wp-image-516\" width=\"250\" height=\"250\" srcset=\"https:\/\/www.colors-of-shakti.de\/wp-content\/uploads\/2021\/02\/Teaser_vertical_1x1-512.png 512w, https:\/\/www.colors-of-shakti.de\/wp-content\/uploads\/2021\/02\/Teaser_vertical_1x1-512-300x300.png 300w, https:\/\/www.colors-of-shakti.de\/wp-content\/uploads\/2021\/02\/Teaser_vertical_1x1-512-150x150.png 150w, https:\/\/www.colors-of-shakti.de\/wp-content\/uploads\/2021\/02\/Teaser_vertical_1x1-512-100x100.png 100w, https:\/\/www.colors-of-shakti.de\/wp-content\/uploads\/2021\/02\/Teaser_vertical_1x1-512-250x250.png 250w, https:\/\/www.colors-of-shakti.de\/wp-content\/uploads\/2021\/02\/Teaser_vertical_1x1-512-350x350.png 350w\" sizes=\"(max-width: 250px) 100vw, 250px\" \/><figcaption>2<em>Therapeutische Workshops ab 350,- \u20ac<\/em><\/figcaption><\/figure>\n<\/div>\n\n\n\n<div class=\"wp-block-column is-vertically-aligned-top\">\n<h2>Shooting<\/h2>\n\n\n\n<figure class=\"wp-block-image size-large is-resized\"><img loading=\"lazy\" src=\"https:\/\/www.colors-of-shakti.de\/wp-content\/uploads\/2021\/02\/Teaser3_foto-1x1-512.png\" alt=\"\" class=\"wp-image-519\" width=\"250\" height=\"250\" srcset=\"https:\/\/www.colors-of-shakti.de\/wp-content\/uploads\/2021\/02\/Teaser3_foto-1x1-512.png 512w, https:\/\/www.colors-of-shakti.de\/wp-content\/uploads\/2021\/02\/Teaser3_foto-1x1-512-300x300.png 300w, https:\/\/www.colors-of-shakti.de\/wp-content\/uploads\/2021\/02\/Teaser3_foto-1x1-512-150x150.png 150w, https:\/\/www.colors-of-shakti.de\/wp-content\/uploads\/2021\/02\/Teaser3_foto-1x1-512-100x100.png 100w, https:\/\/www.colors-of-shakti.de\/wp-content\/uploads\/2021\/02\/Teaser3_foto-1x1-512-250x250.png 250w, https:\/\/www.colors-of-shakti.de\/wp-content\/uploads\/2021\/02\/Teaser3_foto-1x1-512-350x350.png 350w\" sizes=\"(max-width: 250px) 100vw, 250px\" \/><figcaption><em>Das rundum sorglos Paket ab 500,- \u20ac<\/em><\/figcaption><\/figure>\n\n\n\n<p><\/p>\n<\/div>\n<\/div>\n\n\n\n<p><\/p>\n<\/div><\/div><\/div><\/div>\n\n\n\n<div class=\"wp-block-group\"><div class=\"wp-block-group__inner-container\">\n<p><\/p>\n\n\n\n<h2>Die Frage nach dem Warum<\/h2>\n\n\n\n<p>Der weibliche K\u00f6rper ist ein Ort voller Wunder und Geheimnisse.<br>Und das wohl wichtigste von allen ist das Geheimnis des Lebens. Es ist so elementar f\u00fcr uns alle auf der Erde, weil wir nicht da w\u00e4ren, wenn wir nicht irgendwann von einer Frau geboren worden w\u00e4ren.<\/p>\n\n\n\n<p>Nun sollte man meinen, dass alle biologischen und energetischen Prozesse, die dazu beitragen neue Menschen zu erschaffen, eigentlich gr\u00f6\u00dfte Verehrung und Dankbarkeit verdient h\u00e4tten. Doch weit gefehlt, denn in unserer westlichen Kultur ist es vielmehr \u00fcblich, einen gro\u00dfen Teil der Ereignisse zu verstecken, zu verdr\u00e4ngen und dar\u00fcber zu schweigen, solange es nicht wirklich n\u00f6tig ist, dar\u00fcber zu reden.<\/p>\n\n\n\n<p class=\"has-text-align-right\"><a href=\"http:\/\/warum\" title=\"warum\">&#8230;mehr<\/a><\/p>\n<\/div><\/div>\n\n\n\n<div id=\"\" class=\"wp-block-gosign-gosign-background-contianer gosign-color-section btn-full align-true def-verticalAlignTop no-padding no-margin full-width no-min-height darkColorLayout no-top-border no-bottom-border colorSectionFe background-scroll background-cover overlay-false defined-width\"><div class=\"outer-container background-scroll\" style=\"background-image:url(https:\/\/www.colors-of-shakti.de\/wp-content\/uploads\/2020\/12\/blood-smares-2.jpg);background-color:#ffd5d5\"><div class=\"inner-container\"><div class=\"contentBlock\">\n<div class=\"wp-block-columns has-black-color has-text-color\">\n<div class=\"wp-block-column is-vertically-aligned-bottom\">\n<figure class=\"wp-block-image size-medium is-resized\"><img loading=\"lazy\" src=\"https:\/\/www.colors-of-shakti.de\/wp-content\/uploads\/2021\/03\/ico_faq-300x300.png\" alt=\"\" class=\"wp-image-526\" width=\"150\" height=\"150\" srcset=\"https:\/\/www.colors-of-shakti.de\/wp-content\/uploads\/2021\/03\/ico_faq-300x300.png 300w, https:\/\/www.colors-of-shakti.de\/wp-content\/uploads\/2021\/03\/ico_faq-150x150.png 150w, https:\/\/www.colors-of-shakti.de\/wp-content\/uploads\/2021\/03\/ico_faq-768x769.png 768w, https:\/\/www.colors-of-shakti.de\/wp-content\/uploads\/2021\/03\/ico_faq-100x100.png 100w, https:\/\/www.colors-of-shakti.de\/wp-content\/uploads\/2021\/03\/ico_faq-250x250.png 250w, https:\/\/www.colors-of-shakti.de\/wp-content\/uploads\/2021\/03\/ico_faq-350x350.png 350w, https:\/\/www.colors-of-shakti.de\/wp-content\/uploads\/2021\/03\/ico_faq.png 1022w\" sizes=\"(max-width: 150px) 100vw, 150px\" \/><\/figure>\n\n\n\n<h1 class=\"has-text-align-center has-black-color has-text-color\">FAQ<\/h1>\n<\/div>\n\n\n\n<div class=\"wp-block-column is-vertically-aligned-bottom\">\n<figure class=\"wp-block-image size-medium is-resized\"><img loading=\"lazy\" src=\"https:\/\/www.colors-of-shakti.de\/wp-content\/uploads\/2021\/03\/ico_gal-1-300x300.png\" alt=\"\" class=\"wp-image-530\" width=\"150\" height=\"150\" srcset=\"https:\/\/www.colors-of-shakti.de\/wp-content\/uploads\/2021\/03\/ico_gal-1-300x300.png 300w, https:\/\/www.colors-of-shakti.de\/wp-content\/uploads\/2021\/03\/ico_gal-1-150x150.png 150w, https:\/\/www.colors-of-shakti.de\/wp-content\/uploads\/2021\/03\/ico_gal-1-768x768.png 768w, https:\/\/www.colors-of-shakti.de\/wp-content\/uploads\/2021\/03\/ico_gal-1-100x100.png 100w, https:\/\/www.colors-of-shakti.de\/wp-content\/uploads\/2021\/03\/ico_gal-1-250x250.png 250w, https:\/\/www.colors-of-shakti.de\/wp-content\/uploads\/2021\/03\/ico_gal-1-350x350.png 350w, https:\/\/www.colors-of-shakti.de\/wp-content\/uploads\/2021\/03\/ico_gal-1.png 1023w\" sizes=\"(max-width: 150px) 100vw, 150px\" \/><\/figure>\n\n\n\n<h1 class=\"has-text-align-center has-black-color has-text-color\">Galerie<\/h1>\n<\/div>\n\n\n\n<div class=\"wp-block-column is-vertically-aligned-bottom\">\n<figure class=\"wp-block-image size-medium is-resized\"><img loading=\"lazy\" src=\"https:\/\/www.colors-of-shakti.de\/wp-content\/uploads\/2021\/03\/ico_blog-1-300x300.png\" alt=\"\" class=\"wp-image-531\" width=\"150\" height=\"150\" srcset=\"https:\/\/www.colors-of-shakti.de\/wp-content\/uploads\/2021\/03\/ico_blog-1-300x300.png 300w, https:\/\/www.colors-of-shakti.de\/wp-content\/uploads\/2021\/03\/ico_blog-1-1024x1024.png 1024w, https:\/\/www.colors-of-shakti.de\/wp-content\/uploads\/2021\/03\/ico_blog-1-150x150.png 150w, https:\/\/www.colors-of-shakti.de\/wp-content\/uploads\/2021\/03\/ico_blog-1-768x768.png 768w, https:\/\/www.colors-of-shakti.de\/wp-content\/uploads\/2021\/03\/ico_blog-1-100x100.png 100w, https:\/\/www.colors-of-shakti.de\/wp-content\/uploads\/2021\/03\/ico_blog-1-250x250.png 250w, https:\/\/www.colors-of-shakti.de\/wp-content\/uploads\/2021\/03\/ico_blog-1-350x350.png 350w, https:\/\/www.colors-of-shakti.de\/wp-content\/uploads\/2021\/03\/ico_blog-1.png 1026w\" sizes=\"(max-width: 150px) 100vw, 150px\" \/><\/figure>\n\n\n\n<h1 class=\"has-text-align-center has-black-color has-text-color\">Blog<\/h1>\n<\/div>\n<\/div>\n\n\n\n<p><\/p>\n<\/div><\/div><\/div><\/div>\n\n\n\n<h2><a href=\"https:\/\/www.colors-of-shakti.de\/?p=72\">F\u00fcr wen ist eine kreative Session geeignet?<\/a><\/h2>\n\n\n\n<ul><li>F\u00fcr Frauen, die mit ihrem eigenen Blut kreativ sein wollen<\/li><li>F\u00fcr Frauen, die das Verh\u00e4ltnis zu ihrem K\u00f6rper, ihrer Weiblichkeit und ihrem Zyklus auf eine unglaublich positive Weise st\u00e4rken wollen<\/li><li>F\u00fcr Paare, die eine tiefere Art der Verbindung zu einander suchen und mehr \u00fcber dieMann-Frau-Polarit\u00e4t efahren m\u00f6chten<\/li><li>F\u00fcr M\u00e4nner, die sich mit der Menstruation und Weiblichkeit ernsthaft und vorurteilsfrei befassen m\u00f6chten<\/li><li>F\u00fcr Menschen, die in der Gruppe ihre Scham bearbeiten wollen<\/li><\/ul>\n\n\n\n<div id=\"\" class=\"wp-block-gosign-gosign-background-contianer gosign-color-section btn-full align-true def-verticalAlignTop no-padding no-margin full-width no-min-height darkColorLayout no-top-border no-bottom-border colorSectionFe background-scroll background-cover overlay-false defined-width\"><div class=\"outer-container background-scroll\" style=\"background-color:#ffd5d5\"><div class=\"inner-container\"><div class=\"contentBlock\">\n<div class=\"wp-block-columns are-vertically-aligned-center has-black-color has-text-color\">\n<div class=\"wp-block-column is-vertically-aligned-center\">\n<h2>Testimonials<\/h2>\n\n\n<div class=\"bne-testimonial-wrapper testimonial-wrapper-id-617 testimonial-layout-slider testimonial-theme-default testimonial-left testimonial-arrangement-1 testimonial-category-all  clearfix\"><div id=\"bne-slider-id-132\" class=\"bne-testimonial-slider-wrapper\"><div class=\"slides-inner\"><div class=\"bne-testimonial-slider bne-flexslider\"><ul class=\"slides\"><li id=\"testimonial-id-135\" class=\"testimonial-single\"><div class=\"flex-content\"><div class=\"testimonial-author\"><img width=\"150\" height=\"150\" src=\"https:\/\/www.colors-of-shakti.de\/wp-content\/uploads\/2020\/12\/IMG_20201128_130358-scaled-e1611160241380-150x150.jpg\" class=\"testimonial-image testimonial-square testimonial-crop-thumbnail wp-post-image\" alt=\"uschi\" loading=\"lazy\" srcset=\"https:\/\/www.colors-of-shakti.de\/wp-content\/uploads\/2020\/12\/IMG_20201128_130358-scaled-e1611160241380-150x150.jpg 150w, https:\/\/www.colors-of-shakti.de\/wp-content\/uploads\/2020\/12\/IMG_20201128_130358-scaled-e1611160241380-250x250.jpg 250w, https:\/\/www.colors-of-shakti.de\/wp-content\/uploads\/2020\/12\/IMG_20201128_130358-scaled-e1611160241380-100x100.jpg 100w\" sizes=\"100vw\" \/><span class=\"testimonial-name\">uschi<\/span><\/div><div class=\"testimonial-content\"><div class=\"testimonial-message\"><p>geil<\/p>\n<\/div><\/div><div class=\"clear\"><\/div><\/div><\/li><li id=\"testimonial-id-229\" class=\"testimonial-single\"><div class=\"flex-content\"><div class=\"testimonial-author\"><img width=\"150\" height=\"150\" src=\"https:\/\/www.colors-of-shakti.de\/wp-content\/uploads\/2020\/12\/IMG_20201128_130321-scaled-e1607356428262-150x150.jpg\" class=\"testimonial-image testimonial-square testimonial-crop-thumbnail wp-post-image\" alt=\"Chantale Tsch\u00fcssikovsky\" loading=\"lazy\" srcset=\"https:\/\/www.colors-of-shakti.de\/wp-content\/uploads\/2020\/12\/IMG_20201128_130321-scaled-e1607356428262-150x150.jpg 150w, https:\/\/www.colors-of-shakti.de\/wp-content\/uploads\/2020\/12\/IMG_20201128_130321-scaled-e1607356428262-250x250.jpg 250w, https:\/\/www.colors-of-shakti.de\/wp-content\/uploads\/2020\/12\/IMG_20201128_130321-scaled-e1607356428262-100x100.jpg 100w\" sizes=\"100vw\" \/><span class=\"testimonial-name\">Chantale Tsch\u00fcssikovsky<\/span><span class=\"testimonial-tagline\">Tag-line? Was isn das?<\/span><\/div><div class=\"testimonial-content\"><div class=\"testimonial-message\"><p>War eine sehr spannende Erfahrung<\/p>\n<\/div><\/div><div class=\"clear\"><\/div><\/div><\/li><li id=\"testimonial-id-136\" class=\"testimonial-single\"><div class=\"flex-content\"><div class=\"testimonial-author\"><img width=\"150\" height=\"150\" src=\"https:\/\/www.colors-of-shakti.de\/wp-content\/uploads\/2020\/11\/IMG_20201124_000227-150x150.jpg\" class=\"testimonial-image testimonial-square testimonial-crop-thumbnail wp-post-image\" alt=\"erwin\" loading=\"lazy\" srcset=\"https:\/\/www.colors-of-shakti.de\/wp-content\/uploads\/2020\/11\/IMG_20201124_000227-150x150.jpg 150w, https:\/\/www.colors-of-shakti.de\/wp-content\/uploads\/2020\/11\/IMG_20201124_000227-scaled-250x250.jpg 250w, https:\/\/www.colors-of-shakti.de\/wp-content\/uploads\/2020\/11\/IMG_20201124_000227-100x100.jpg 100w\" sizes=\"100vw\" \/><span class=\"testimonial-name\">erwin<\/span><\/div><div class=\"testimonial-content\"><div class=\"testimonial-message\"><p>schick!<\/p>\n<\/div><\/div><div class=\"clear\"><\/div><\/div><\/li><\/ul> <!-- .slides (end) --><\/div> <!-- .bne-testimonial-slider (end) --><\/div> <!-- .slides-inner (end) --><\/div> <!-- .bne-testimonial-slider-wrapper (end) --><\/div><!-- .bne-testimonials-wrapper (end) -->\n<\/div>\n<\/div>\n<\/div><\/div><\/div><\/div>\n\n\n\n<h2>WER MACHT DAS HIER?<\/h2>\n\n\n\n<p>Textblock dazu &#8211; Bild und Link zu \u00fcber uns<\/p>\n","protected":false},"excerpt":{"rendered":"<p>Rumi Sinnliche Kunst neu gedacht Auf dieser Seite dreht sich alles rund um die Weiblichkeit, die k\u00f6rperliche Selbstwahrnehmung der Frau als sexuelles Wesen und die heilende Begegnung mit dem Menstruationsblut und dem Zyklus an sich. In einem absolut erwartungsfreien und gesch\u00fctzten Setting bieten wir dir die einzigartige M\u00f6glichkeit, sich kreativ und gleichzeitig therapeutisch mit dem &hellip; <\/p>\n<p class=\"link-more\"><a href=\"https:\/\/www.colors-of-shakti.de\/?bne_testimonials=erwin\" class=\"more-link\"><span class=\"screen-reader-text\">\u201eerwin\u201c<\/span> weiterlesen<\/a><\/p>\n","protected":false},"author":1,"featured_media":0,"parent":0,"menu_order":0,"comment_status":"closed","ping_status":"closed","template":"","meta":[],"_links":{"self":[{"href":"https:\/\/www.colors-of-shakti.de\/index.php?rest_route=\/wp\/v2\/pages\/14"}],"collection":[{"href":"https:\/\/www.colors-of-shakti.de\/index.php?rest_route=\/wp\/v2\/pages"}],"about":[{"href":"https:\/\/www.colors-of-shakti.de\/index.php?rest_route=\/wp\/v2\/types\/page"}],"author":[{"embeddable":true,"href":"https:\/\/www.colors-of-shakti.de\/index.php?rest_route=\/wp\/v2\/users\/1"}],"replies":[{"embeddable":true,"href":"https:\/\/www.colors-of-shakti.de\/index.php?rest_route=%2Fwp%2Fv2%2Fcomments&post=14"}],"version-history":[{"count":139,"href":"https:\/\/www.colors-of-shakti.de\/index.php?rest_route=\/wp\/v2\/pages\/14\/revisions"}],"predecessor-version":[{"id":533,"href":"https:\/\/www.colors-of-shakti.de\/index.php?rest_route=\/wp\/v2\/pages\/14\/revisions\/533"}],"wp:attachment":[{"href":"https:\/\/www.colors-of-shakti.de\/index.php?rest_route=%2Fwp%2Fv2%2Fmedia&parent=14"}],"curies":[{"name":"wp","href":"https:\/\/api.w.org\/{rel}","templated":true}]}}